be 2*((-26)/(-91) + 90/28). Suppose 0 = -d*y + 2*y + 10. Suppose y*i + 2*i = 36. Calculate the highest common divisor of 45 and i.
9
Suppose 21*k + 1450 = 26*k. Suppose -j + 21 = 2*w - 31, 5*j - 4*w - 302 = 0. What is the greatest common factor of j and k?
58
Let u = 9125 + -9119. Let p(s) = -s**3 + 2 + s + 7*s**2 + 2 + 0*s. Let c be p(u). What is the highest common factor of c and 506?
46
Let o = 3656 + -3642. What is the greatest common factor of o and 742?
14
Suppose -246*t + 2039 + 3200 = 319. What is the greatest common divisor of t and 564?
4
Suppose -24*u + 54*u - 21*u = 441. Calculate the greatest common factor of u and 8.
1
Suppose 4*b - 2*s = -4*s + 14, -3*b - 9 = -5*s. Let j be b/(-7) + (18240/(-42))/(-8). Let d be (-1)/3*-3 - -377. What is the highest common factor of j and d?
54
Let d be 144*(3 - 33/9). Suppose -5*q + 148 = -2*j, -j - 21 = 3*q + 31. Let k = j - d. Calculate the highest common divisor of 4 and k.
4
Suppose 0 = -y - 5*n - 0*n, 0 = y + 4*n. Suppose y = 4*z - 2*j - 30, -3*j + 52 = 4*z + 27. Calculate the highest common divisor of 7 and z.
7
Let w = 58 - 1. Let q = 102 - w. Suppose 0 = -2964*d + 3018*d - 972. Calculate the greatest common factor of q and d.
9
Let s be 263 - (-10)/(8 + -10). Let v(t) = t**3 + 9*t**2 + 5*t + 19. Let o be v(-8). What is the highest common divisor of s and o?
43
Let y = -806 + 809. Let i be (-1 - 1) + 6 + 0. Suppose 0 = 3*r - y*h - 19 - 218, -i*r + 331 = -h. What is the highest common factor of 56 and r?
28
Let g = 2 + -3. Let o be 1 + ((-20)/(-12))/(g/(-9)). Let j(v) = 3*v**3 - 3*v**2 + 5*v - 6. Let p be j(2). What is the greatest common divisor of p and o?
16
Let l = 12 - 12. Suppose l*s + 4*s = 0. Suppose -r + s*r + 3*j = -66, 0 = -r - 4*j + 52. What is the greatest common divisor of 6 and r?
6
Let f be (-6 + 5)*-29 + -13 + 9. What is the greatest common factor of 3650 and f?
25
Suppose -q + 5*k + 387 + 114 = 0, -4*k = 0. Let y = q + -96. What is the highest common divisor of y and 45?
45
Suppose -5*l = -3*v + 10, -10*l = -14*l - 3*v - 8. Let f = l - -47. What is the highest common factor of 360 and f?
45
Let j(s) = s**3 + 8*s**2 - 2*s - 9. Let h be j(-7). Let p(u) = -7*u**2 - 25*u + 14. Let v be p(-4). What is the highest common factor of h and v?
2
Let i = 211 - 82. Suppose -5*l - 4*g + 69 = -i, -12 = 4*g. Suppose 4*u - 14 = 2, -2*w + 52 = -u. What is the greatest common factor of w and l?
14
Suppose 1625*o = 1624*o + 21. What is the greatest common divisor of 826 and o?
7
Let f = -4384 + 4439. What is the greatest common factor of 645 and f?
5
Suppose 6*m + 4*j + 8 = 8*m, 5*m - 2*j = 12. Let u be 20 - 2 - (-3)/(-3). Let s = 33 - u. What is the greatest common factor of m and s?
2
Suppose -1336*r = -1333*r - 1056. Let a = -177 + r. What is the greatest common divisor of 21 and a?
7
Let o = 649 + -908. Let t = -235 - o. What is the greatest common factor of 39 and t?
3
Let v be ((-11)/((-220)/16))/(2/10). Suppose -v*u - 3*g + 66 = 0, -10 = -4*u + 5*g + 40. What is the greatest common factor of 405 and u?
15
Suppose -5*p + 1016*o - 1014*o + 834 = 0, 4*o = 4*p - 648. Calculate the greatest common factor of 1135 and p.
5
Let r(q) = 2*q**2 - 12*q + 3. Let o be r(8). Suppose o*t = 34*t + 98. Calculate the greatest common factor of 14 and t.
14
Let a(c) = 9*c**2 - 2*c - 3. Let q be a(-1). Let h(f) = 2*f**2 - 23*f. Let s be h(12). Calculate the highest common divisor of s and q.
4
Let i = -1648 - -2123. Calculate the greatest common divisor of i and 19.
19
Suppose -5*g = 2*h + 528 - 1778, -3*g + 2500 = 4*h. Calculate the greatest common factor of h and 20.
5
Let w(l) = l - 4. Let b be w(5). Suppose -15 = r + 3*u + 2*u, -r = u - 1. Let v be r + (-2 - 10/(-5)). Calculate the highest common divisor of v and b.
1
Let d(l) = 90*l - 3. Let v be d(4). Let r(q) = -q**3 + 197*q**2 + 1412*q - 61. Let x be r(-7). What is the greatest common divisor of v and x?
51
Let y(a) = 723*a**2 - 6*a - 2. Let h be y(-1). Suppose 10*j + h = 2257. Let f = j + -105. What is the highest common factor of 3 and f?
3
Let d be (-19 - -20)*(-47015)/(-85) + (-2)/17. What is the greatest common divisor of d and 7?
7
Let v be ((-5434)/(-168) - (-34)/(-357))*28. What is the greatest common divisor of v and 215?
43
Let j be (-449 + 2)*(-2)/(-12)*-4. Let t = 62 + j. What is the highest common divisor of 216 and t?
72
Suppose 0 = -2654*l + 2646*l + 680. What is the greatest common divisor of 51 and l?
17
Suppose -4*v + 8 = -4. Suppose s - 4 = 0, v*f - 4*s + 1 = -0*s. Suppose -f*r = -0*r - 25. Calculate the highest common factor of r and 5.
5
Let v(r) = -1382*r - 154. Let t be v(-1). Calculate the greatest common factor of 8 and t.
4
Suppose -14*i = -13*i - 16. Let y(n) = 2*n**2 + 8*n - 7. Let f be y(-5). Let g be i - (f/(-12) + (-4)/(-16)). Calculate the highest common divisor of 64 and g.
16
Let v = 22337 - 22200. What is the greatest common divisor of v and 17536?
137
Suppose 8*g - 2*z = 3*g + 630, -3*g = -5*z - 378. Let s be ((-6)/(-19))/3 + 336020/12046. Calculate the highest common divisor of s and g.
14
Suppose -224*y + 789 + 5065 = -48802. Calculate the highest common divisor of y and 2867.
61
Let j = -9356 - -13710. What is the highest common factor of 42 and j?
14
Let z be (-6)/15 + 201/(-15)*-1. Suppose y + y - 2 = 0. Let a(q) = 26*q. Let r be a(y). What is the highest common divisor of r and z?
13
Let l be (-4)/(-2) + -3 + 165. Suppose 5*q = -l - 61. Let p be (-177)/(-5) + 18/q. Calculate the greatest common divisor of 140 and p.
35
Suppose 0 = -44*h + 35*h + 45. Let i(d) = d**3 - 9*d**2 + 19*d + 17. Let s be i(h). Calculate the greatest common divisor of s and 372.
12
Let i(s) be the first derivative of 9*s**4/2 - 4*s**3/3 - s**2 + 3*s + 200. Let l be i(1). Calculate the greatest common divisor of 21 and l.
3
Let i(k) be the second derivative of 5*k**3/6 + 21*k**2 + 63*k. Let j be i(-7). Suppose 0 = -0*o + 2*o - 154. What is the greatest common factor of j and o?
7
Suppose -6783 = -1004*t + 983*t. What is the greatest common factor of 187 and t?
17
Let v be (-60)/(-11)*(-7788)/(-236). Let b be 9 + 2/(-2) - 2. Calculate the highest common factor of v and b.
6
Suppose -2561*x + 1844 = 4*r - 2559*x, 0 = x - 4. What is the highest common divisor of 81 and r?
27
Let b be (-894)/(-33) - (4/(-14))/((-132)/42). Calculate the greatest common factor of 423 and b.
9
Let u be 22 - (-48)/(-36)*12. Let p = 1 + 47. Calculate the highest common divisor of u and p.
6
Suppose -3*l = 5*c - 4159 - 5137, -l = -c - 3096. What is the greatest common factor of 163 and l?
163
Let q = 1041 + 168. What is the greatest common factor of q and 155?
31
Suppose 4*p + 3*n - 18729 = 0, 2785 + 6584 = 2*p + 3*n. What is the highest common divisor of 135 and p?
45
Let p be -8*20/8*5/(-4). Let s be 52/10 - 9/45. Let w be (s + 0)*(2 + -1). What is the greatest common divisor of p and w?
5
Suppose 53*c + 1559 = 6064. What is the highest common factor of 15 and c?
5
Let m(f) = -f**2 - 25*f - 36. Let k be m(-23). Suppose 5*j + k = 0, 4*p = p + 5*j + 226. What is the highest common divisor of 24 and p?
24
Let k be 646 - (-11)/((-55)/(-15)). Calculate the highest common divisor of 22 and k.
11
Let q be (-16)/((-2)/9 + 5/(-45)). Let o = 263 - q. What is the highest common factor of 5 and o?
5
Let r(n) = 58 - 34 + n - 35 - 11*n. Let b be r(-6). Calculate the greatest common divisor of b and 49.
49
Suppose -14*r = -795 - 2495. Suppose c + r = 245. Calculate the highest common divisor of 70 and c.
10
Let p(f) = -f**2 + 2*f - 4. Let q be p(6). Let g = -14 - q. Let s be 99/27 + 24/(-9). What is the highest common divisor of g and s?
1
Suppose 5*x = 4*o + 1611, -92 = -2*x + 3*o + 558. Calculate the highest common divisor of 253 and x.
11
Let o(p) = -p**3 - p**2 + 21*p + 54. Let s be o(-4). What is the highest common factor of s and 2370?
6
Let i be 15/(-10)*88/(-33). Suppose 3*h = -4*k + 285, 7*h - 3*h + i = 0. Calculate the greatest common factor of k and 54.
18
Suppose -5*j - 35 = 0, 0 = -5*y + 48*j - 49*j + 833. Calculate the highest common factor of 23016 and y.
168
Suppose 24*z - 9*z = -3*z + 828. What is the greatest common factor of z and 24150?
46
Suppose -4*b + 216 - 119 = -c, -4*b - 5*c + 91 = 0. What is the greatest common divisor of b and 544?
8
Suppos